are the prime factors of 16935?
3, 5, 1129
List the prime factors of 3901.
47, 83
List the prime factors of 1151.
1151
What are the prime factors of 2601?
3, 17
What are the prime factors of 7390?
2, 5, 739
List the prime factors of 40007.
11, 3637
What are the prime factors of 24783?
3, 11, 751
List the prime factors of 23557.
23557
List the prime factors of 1422.
2, 3, 79
What are the prime factors of 19023?
3, 17, 373
List the prime factors of 1485.
3, 5, 11
What are the prime factors of 66554?
2, 107, 311
What are the prime factors of 7086?
2, 3, 1181
List the prime factors of 1836.
2, 3, 17
What are the prime factors of 69121?
13, 409
List the prime factors of 1642.
2, 821
List the prime factors of 3367.
7, 13, 37
What are the prime factors of 637?
7, 13
What are the prime factors of 302?
2, 151
List the prime factors of 169175.
5, 67, 101
List the prime factors of 1909.
23, 83
What are the prime factors of 1308?
2, 3, 109
What are the prime factors of 1276?
2, 11, 29
List the prime factors of 163.
163
List the prime factors of 66155.
5, 101, 131
List the prime factors of 1511.
1511
List the prime factors of 2796.
2, 3, 233
List the prime factors of 3530.
2, 5, 353
List the prime factors of 16682.
2, 19, 439
List the prime factors of 1507.
11, 137
List the prime factors of 1039.
1039
List the prime factors of 996.
2, 3, 83
List the prime factors of 459.
3, 17
List the prime factors of 18865.
5, 7, 11
What are the prime factors of 38316?
2, 3, 31, 103
List the prime factors of 1202.
2, 601
What are the prime factors of 11484?
2, 3, 11, 29
What are the prime factors of 1287?
3, 11, 13
List the prime factors of 127674.
2, 3, 41, 173
List the prime factors of 5085.
3, 5, 113
What are the prime factors of 20747?
20747
What are the prime factors of 36058?
2, 11, 149
List the prime factors of 217.
7, 31
What are the prime factors of 36107?
36107
List the prime factors of 6910.
2, 5, 691
List the prime factors of 1320.
2, 3, 5, 11
What are the prime factors of 16396?
2, 4099
List the prime factors of 11997.
3, 31, 43
List the prime factors of 5392.
2, 337
What are the prime factors of 1577?
19, 83
List the prime factors of 553.
7, 79
List the prime factors of 38190.
2, 3, 5, 19, 67
What are the prime factors of 13983?
3, 59, 79
List the prime factors of 159559.
379, 421
List the prime factors of 12730.
2, 5, 19, 67
What are the prime factors of 784?
2, 7
List the prime factors of 1888.
2, 59
List the prime factors of 20893.
17, 1229
List the prime factors of 79.
79
What are the prime factors of 73405?
5, 53, 277
What are the prime factors of 5060?
2, 5, 11, 23
What are the prime factors of 56539?
7, 41, 197
What are the prime factors of 2?
2
What are the prime factors of 2334?
2, 3, 389
List the prime factors of 35756.
2, 7, 1277
What are the prime factors of 2547?
3, 283
What are the prime factors of 1475?
5, 59
List the prime factors of 1984.
2, 31
List the prime factors of 14118.
2, 3, 13, 181
What are the prime factors of 35507?
35507
List the prime factors of 434.
2, 7, 31
List the prime factors of 3861.
3, 11, 13
List the prime factors of 1646.
2, 823
List the prime factors of 904.
2, 113
List the prime factors of 9913.
23, 431
List the prime factors of 36752.
2, 2297
What are the prime factors of 76368?
2, 3, 37, 43
List the prime factors of 15120.
2, 3, 5, 7
What are the prime factors of 417?
3, 139
List the prime factors of 7062.
2, 3, 11, 107
List the prime factors of 1741.
1741
List the prime factors of 945.
3, 5, 7
What are the prime factors of 6786?
2, 3, 13, 29
What are the prime factors of 111144?
2, 3, 11, 421
What are the prime factors of 516?
2, 3, 43
List the prime factors of 290.
2, 5, 29
What are the prime factors of 12337?
13, 73
List the prime factors of 4382.
2, 7, 313
List the prime factors of 2246.
2, 1123
List the prime factors of 15629.
15629
List the prime factors of 8290.
2, 5, 829
List the prime factors of 3355.
5, 11, 61
List the prime factors of 1389.
3, 463
What are the prime factors of 2538?
2, 3, 47
List the prime factors of 661.
661
List the prime factors of 51405.
3, 5, 23, 149
What are the prime factors of 49170?
2, 3, 5, 11, 149
What are the prime factors of 14014?
2, 7, 11, 13
What are the prime factors of 12930?
2, 3, 5, 431
What are the prime factors of 15115?
5, 3023
List the prime factors of 1588.
2, 397
List the prime factors of 30225.
3, 5, 13, 31
What are the prime factors of 551?
19, 29
What are the prime factors of 10549?
7, 11, 137
List the prime factors of 22818.
2, 3, 3803
What are the prime factors of 576?
2, 3
What are the prime factors of 6375?
3, 5, 17
What are the prime factors of 581?
7, 83
List the prime factors of 668.
2, 167
What are the prime factors of 146528?
2, 19, 241
What are the prime factors of 15847?
13, 23, 53
List the prime factors of 8517.
3, 17, 167
What are the prime factors of 61?
61
List the prime factors of 4943.
4943
List the prime factors of 36805.
5, 17, 433
List the prime factors of 95975.
5, 11, 349
List the prime factors of 8520.
2, 3, 5, 71
What are the prime factors of 5357?
11, 487
List the prime factors of 140.
2, 5, 7
List the prime factors of 630.
2, 3, 5, 7
List the prime factors of 2056.
2, 257
What are the prime factors of 11531?
13, 887
List the prime factors of 1544.
2, 193
What are the prime factors of 9214?
2, 17, 271
List the prime factors of 3966.
2, 3, 661
List the prime factors of 12745.
5, 2549
List the prime factors of 4401.
3, 163
What are the prime factors of 826?
2, 7, 59
List the prime factors of 2046.
2, 3, 11, 31
List the prime factors of 25105.
5, 5021
List the prime factors of 726.
2, 3, 11
What are the prime factors of 40054?
2, 7, 2861
List the prime factors of 58608.
2, 3, 11, 37
What are the prime factors of 863?
863
What are the prime factors of 89140?
2, 5, 4457
What are the prime factors of 98772?
2, 3, 8231
What are the prime factors of 1638?
2, 3, 7, 13
What are the prime factors of 8377?
8377
List the prime factors of 65607.
3, 19, 1151
List the prime factors of 13222.
2, 11, 601
What are the prime factors of 885?
3, 5, 59
List the prime factors of 21974.
2, 10987
What are the prime factors of 51626?
2, 83, 311
List the prime factors of 16814.
2, 7, 1201
List the prime factors of 3389.
3389
List the prime factors of 11889.
3, 1321
What are the prime factors of 16975?
5, 7, 97
What are the prime factors of 16488?
2, 3, 229
List the prime factors of 1072.
2, 67
What are the prime factors of 919?
919
What are the prime factors of 8159?
41, 199
What are the prime factors of 2856?
2, 3, 7, 17
List the prime factors of 3356.
2, 839
List the prime factors of 78320.
2, 5, 11, 89
List the prime factors of 731.
17, 43
List the prime factors of 5092.
2, 19, 67
List the prime factors of 441.
3, 7
What are the prime factors of 47616?
2, 3, 31
List the prime factors of 2498.
2, 1249
List the prime factors of 496.
2, 31
What are the prime factors of 2035?
5, 11, 37
What are the prime factors of 2081?
2081
List the prime factors of 2457.
3, 7, 13
What are the prime factors of 6452?
2, 1613
What are the prime factors of 632?
2, 79
What are the prime factors of 58454?
2, 11, 2657
List the prime factors of 1349.
19, 71
What are the prime factors of 3328?
2, 13
What are the prime factors of 1180?
2, 5, 59
What are the prime factors of 9857?
9857
List the prime factors of 419.
419
List the prime factors of 14970.
2, 3, 5, 499
What are the prime factors of 139315?
5, 11, 17, 149
List the prime factors of 396.
2, 3, 11
List the prime factors of 49393.
49393
What are the prime factors of 9024?
2, 3, 47
List the prime factors of 1495.
5, 13, 23
List the prime factors of 13873.
13873
List the prime factors of 907.
907
What are the prime factors of 14055?
3, 5, 937
What are the prime factors of 2751?
3, 7, 131
What are the prime factors of 515?
5, 103
What are the prime factors of 120?
2, 3, 5
What are the prime factors of 35836?
2, 17, 31
What are the prime factors of 20749?
20749
List the prime factors of 879.
3, 293
List the prime factors of 2559.
3, 853
What are the prime factors of 17269?
7, 2467
What are the prime factors of 864?
2, 3
List the prime factors of 95.
5, 19
What are the prime factors of 47134?
2, 23567
List the prime factors of 4